{"id":258,"date":"2019-06-10T18:36:43","date_gmt":"2019-06-10T18:36:43","guid":{"rendered":"https:\/\/frslogistica.cl\/?page_id=258"},"modified":"2019-08-28T15:59:20","modified_gmt":"2019-08-28T15:59:20","slug":"effer-iveco","status":"publish","type":"page","link":"https:\/\/frslogistica.cl\/index.php\/effer-iveco\/","title":{"rendered":"Effer Iveco"},"content":{"rendered":"<figure><a href=\"https:\/\/frslogistica.cl\/wp-content\/uploads\/2019\/06\/EFFER-1-900x600.jpg\" data-elementor-open-lightbox=\"default\" data-elementor-lightbox-slideshow=\"2159e0ec\" data-elementor-lightbox-index=\"0\"><img decoding=\"async\" src=\"https:\/\/frslogistica.cl\/wp-content\/uploads\/elementor\/thumbs\/EFFER-1-900x600-o9wmwbc06aswctbjyuvldq56quf72usil0kts6g4fk.jpg\" alt=\"EFFER 1 900x600\" \/><\/a><\/figure>\n<h2>EFFER 2200<\/h2>\n<h3>Gr\u00faa montada sobre cami\u00f3n<\/h3>\n<h6>Equipo gr\u00faa montada sobre cami\u00f3n disponible para arriendo. Servicio incluye operador. Disponibilidad 24\/7. Para entregar detalles del trabajo a realizar y cotizaci\u00f3n del equipo, contacte a nuestro especialista en arriendo (+56 9 3407 1021).<\/h6>\n<h6>Si tiene dudas, lo invitamos a contactarse con nosotros para asesorarlo profesionalmente en equipamiento, maniobras, accesorios y elementos de seguridad para el trabajo.<\/h6>\n<ul>\n<li>\n\t\t\t      \t\t\t\t\t      \t\t Especificaciones<\/li>\n<li>\n\t\t\t      \t\t\t\t\t      \t\t Tabla de carga<\/li>\n<\/ul>\n<dl>\n<dt>Motor<\/dt>\n<dd>Diesel<\/dd>\n<dt>Peso (+\/-)<\/dt>\n<dd>40.000 kg<\/dd>\n<dt>Tracci\u00f3n<\/dt>\n<dd>8 x 4<\/dd>\n<\/dl>\n<dl>\n<dt>Capacidad m\u00e1xima de levante<\/dt>\n<dd>30.400 kg<\/dd>\n<dt>Distancia m\u00e1xima vertical sin Jib<\/dt>\n<dd>26 mts<\/dd>\n<dt>Distancia m\u00e1xima vertical con Jib<\/dt>\n<dd>50 mts<\/dd>\n<\/dl>\n<dl>\n<dt>Ancho de cami\u00f3n<\/dt>\n<dd>2,55 m<\/dd>\n<dt>Largo de cami\u00f3n<\/dt>\n<dd>0.00 m<\/dd>\n<dt>Alto de cami\u00f3n<\/dt>\n<dd>0.00 m<\/dd>\n<\/dl>\n<p><a href=\"https:\/\/frslogistica.cl\/wp-content\/uploads\/2019\/06\/Ficha-Effer-2200.png\"><img loading=\"lazy\" decoding=\"async\" src=\"https:\/\/frslogistica.cl\/wp-content\/uploads\/2019\/06\/Ficha-Effer-2200.png\" alt=\"\" width=\"1300\" height=\"2489\" \/><\/a><\/p>\n<figure><a href=\"https:\/\/frslogistica.cl\/wp-content\/uploads\/2019\/06\/EFFER-8.jpeg\" data-elementor-open-lightbox=\"default\" data-elementor-lightbox-slideshow=\"3a60a7b9\" data-elementor-lightbox-index=\"0\"><img decoding=\"async\" src=\"https:\/\/frslogistica.cl\/wp-content\/uploads\/2019\/06\/EFFER-8-350x300.jpeg\" alt=\"EFFER 8\" \/><\/a><\/figure>\n<figure><a href=\"https:\/\/frslogistica.cl\/wp-content\/uploads\/2019\/06\/EFFER-10.jpeg\" data-elementor-open-lightbox=\"default\" data-elementor-lightbox-slideshow=\"3a60a7b9\" data-elementor-lightbox-index=\"1\"><img decoding=\"async\" src=\"https:\/\/frslogistica.cl\/wp-content\/uploads\/2019\/06\/EFFER-10-350x300.jpeg\" alt=\"EFFER 10\" \/><\/a><\/figure>\n<figure><a href=\"https:\/\/frslogistica.cl\/wp-content\/uploads\/2019\/06\/EFFER-9.jpeg\" data-elementor-open-lightbox=\"default\" data-elementor-lightbox-slideshow=\"3a60a7b9\" data-elementor-lightbox-index=\"2\"><img decoding=\"async\" src=\"https:\/\/frslogistica.cl\/wp-content\/uploads\/2019\/06\/EFFER-9-350x300.jpeg\" alt=\"EFFER 9\" \/><\/a><\/figure>\n<figure><a href=\"https:\/\/frslogistica.cl\/wp-content\/uploads\/2019\/06\/EFFER-1.jpg\" data-elementor-open-lightbox=\"default\" data-elementor-lightbox-slideshow=\"3a60a7b9\" data-elementor-lightbox-index=\"3\"><img decoding=\"async\" src=\"https:\/\/frslogistica.cl\/wp-content\/uploads\/2019\/06\/EFFER-1-350x300.jpg\" alt=\"EFFER 1\" \/><\/a><\/figure>\n<figure><a href=\"https:\/\/frslogistica.cl\/wp-content\/uploads\/2019\/06\/EFFER-2.jpg\" data-elementor-open-lightbox=\"default\" data-elementor-lightbox-slideshow=\"3a60a7b9\" data-elementor-lightbox-index=\"4\"><img decoding=\"async\" src=\"https:\/\/frslogistica.cl\/wp-content\/uploads\/2019\/06\/EFFER-2-350x300.jpg\" alt=\"EFFER 2\" \/><\/a><\/figure>\n<figure><a href=\"https:\/\/frslogistica.cl\/wp-content\/uploads\/2019\/06\/EFFER-3.jpg\" data-elementor-open-lightbox=\"default\" data-elementor-lightbox-slideshow=\"3a60a7b9\" data-elementor-lightbox-index=\"5\"><img decoding=\"async\" src=\"https:\/\/frslogistica.cl\/wp-content\/uploads\/2019\/06\/EFFER-3-350x300.jpg\" alt=\"EFFER 3\" \/><\/a><\/figure>\n<figure><a href=\"https:\/\/frslogistica.cl\/wp-content\/uploads\/2019\/06\/EFFER-4.jpg\" data-elementor-open-lightbox=\"default\" data-elementor-lightbox-slideshow=\"3a60a7b9\" data-elementor-lightbox-index=\"6\"><img decoding=\"async\" src=\"https:\/\/frslogistica.cl\/wp-content\/uploads\/2019\/06\/EFFER-4-350x300.jpg\" alt=\"EFFER 4\" \/><\/a><\/figure>\n<figure><a href=\"https:\/\/frslogistica.cl\/wp-content\/uploads\/2019\/06\/EFFER-5.jpg\" data-elementor-open-lightbox=\"default\" data-elementor-lightbox-slideshow=\"3a60a7b9\" data-elementor-lightbox-index=\"7\"><img decoding=\"async\" src=\"https:\/\/frslogistica.cl\/wp-content\/uploads\/2019\/06\/EFFER-5-350x300.jpg\" alt=\"EFFER 5\" \/><\/a><\/figure>\n<figure><a href=\"https:\/\/frslogistica.cl\/wp-content\/uploads\/2019\/06\/EFFER-6.jpg\" data-elementor-open-lightbox=\"default\" data-elementor-lightbox-slideshow=\"3a60a7b9\" data-elementor-lightbox-index=\"8\"><img decoding=\"async\" src=\"https:\/\/frslogistica.cl\/wp-content\/uploads\/2019\/06\/EFFER-6-350x300.jpg\" alt=\"EFFER 6\" \/><\/a><\/figure>\n<figure><a href=\"https:\/\/frslogistica.cl\/wp-content\/uploads\/2019\/06\/EFFER-7.jpg\" data-elementor-open-lightbox=\"default\" data-elementor-lightbox-slideshow=\"3a60a7b9\" data-elementor-lightbox-index=\"9\"><img decoding=\"async\" src=\"https:\/\/frslogistica.cl\/wp-content\/uploads\/2019\/06\/EFFER-7-350x300.jpg\" alt=\"EFFER 7\" \/><\/a><\/figure>\n<figure><a href=\"https:\/\/frslogistica.cl\/wp-content\/uploads\/2019\/06\/EFFER-13.jpeg\" data-elementor-open-lightbox=\"default\" data-elementor-lightbox-slideshow=\"3a60a7b9\" data-elementor-lightbox-index=\"10\"><img decoding=\"async\" src=\"https:\/\/frslogistica.cl\/wp-content\/uploads\/2019\/06\/EFFER-13-350x300.jpeg\" alt=\"EFFER 13\" \/><\/a><\/figure>\n<figure><a href=\"https:\/\/frslogistica.cl\/wp-content\/uploads\/2019\/06\/EFFER-11.jpeg\" data-elementor-open-lightbox=\"default\" data-elementor-lightbox-slideshow=\"3a60a7b9\" data-elementor-lightbox-index=\"11\"><img decoding=\"async\" src=\"https:\/\/frslogistica.cl\/wp-content\/uploads\/2019\/06\/EFFER-11-350x300.jpeg\" alt=\"EFFER 11\" \/><\/a><\/figure>\n<figure><a href=\"https:\/\/frslogistica.cl\/wp-content\/uploads\/2019\/06\/EFFER-12.jpeg\" data-elementor-open-lightbox=\"default\" data-elementor-lightbox-slideshow=\"3a60a7b9\" data-elementor-lightbox-index=\"12\"><img decoding=\"async\" src=\"https:\/\/frslogistica.cl\/wp-content\/uploads\/2019\/06\/EFFER-12-350x300.jpeg\" alt=\"EFFER 12\" \/><\/a><\/figure>\n","protected":false},"excerpt":{"rendered":"<p>EFFER 2200 Gr\u00faa montada sobre cami\u00f3n Equipo gr\u00faa montada sobre cami\u00f3n disponible para arriendo. Servicio incluye operador. Disponibilidad 24\/7. Para entregar detalles del trabajo a realizar y cotizaci\u00f3n del equipo, contacte a nuestro especialista en arriendo (+56 9 3407 1021). Si tiene dudas, lo invitamos a contactarse con nosotros para asesorarlo profesionalmente en equipamiento, maniobras,&#8230;<\/p>\n","protected":false},"author":1,"featured_media":0,"parent":0,"menu_order":0,"comment_status":"closed","ping_status":"closed","template":"elementor_header_footer","meta":{"_kad_post_transparent":"","_kad_post_title":"","_kad_post_layout":"","_kad_post_sidebar_id":"","_kad_post_content_style":"","_kad_post_vertical_padding":"","_kad_post_feature":"","_kad_post_feature_position":"","_kad_post_header":false,"_kad_post_footer":false,"_kad_post_classname":"","footnotes":""},"class_list":["post-258","page","type-page","status-publish","hentry"],"_links":{"self":[{"href":"https:\/\/frslogistica.cl\/index.php\/wp-json\/wp\/v2\/pages\/258","targetHints":{"allow":["GET"]}}],"collection":[{"href":"https:\/\/frslogistica.cl\/index.php\/wp-json\/wp\/v2\/pages"}],"about":[{"href":"https:\/\/frslogistica.cl\/index.php\/wp-json\/wp\/v2\/types\/page"}],"author":[{"embeddable":true,"href":"https:\/\/frslogistica.cl\/index.php\/wp-json\/wp\/v2\/users\/1"}],"replies":[{"embeddable":true,"href":"https:\/\/frslogistica.cl\/index.php\/wp-json\/wp\/v2\/comments?post=258"}],"version-history":[{"count":7,"href":"https:\/\/frslogistica.cl\/index.php\/wp-json\/wp\/v2\/pages\/258\/revisions"}],"predecessor-version":[{"id":495,"href":"https:\/\/frslogistica.cl\/index.php\/wp-json\/wp\/v2\/pages\/258\/revisions\/495"}],"wp:attachment":[{"href":"https:\/\/frslogistica.cl\/index.php\/wp-json\/wp\/v2\/media?parent=258"}],"curies":[{"name":"wp","href":"https:\/\/api.w.org\/{rel}","templated":true}]}}